
-19
Let o(g) = 461910*g - 1385680. What is o(3)?
50
Let j(v) = -5168*v + 21522. What is j(4)?
850
Let x(c) = 23613*c + 17. What is x(0)?
17
Let b(a) = a**3 - 25*a**2 + 242*a - 482. Give b(11).
486
Let p(l) = -2*l**3 + 110*l**2 + 1724*l - 593. What is p(-13)?
-21
Let g(c) = 1398*c - 44635. Calculate g(32).
101
Let t(m) = -38*m**3 - 1860*m**2 + 3973*m - 255. Calculate t(-51).
0
Let n(d) = 18*d**3 - 8*d**2 - 111*d + 430. What is n(3)?
511
Let c(w) = 15*w**2 + 662*w + 2482. Determine c(-40).
2
Let r(x) = x**2 + 7692*x + 168967. Calculate r(-22).
227
Let j(p) = -9015*p + 5787627. Give j(642).
-3
Let o(s) = 15311*s + 13397126. What is o(-875)?
1
Let i(m) = -2*m**3 + 95*m**2 - 919*m + 40. What is i(34)?
6
Let d(t) = -t**3 + 5*t**2 + 9*t - 261. Calculate d(0).
-261
Let m(k) = -4280*k - 25726. What is m(-6)?
-46
Let j(d) = 136*d - 8821. Determine j(66).
155
Let m(c) = 633*c + 17101. Give m(-27).
10
Let i(s) = 98*s - 12417. Give i(127).
29
Let w(r) = 9*r**3 - 430*r**2 - 100*r + 188. Determine w(48).
-4
Let c(i) = i**3 - 27*i**2 - 205*i - 1072. Calculate c(34).
50
Let f(x) = x**3 - x**2 - 25*x - 158. Calculate f(-4).
-138
Let w(z) = 42*z**2 - 646*z + 3258. What is w(5)?
1078
Let p(n) = 147*n + 33874. Give p(-205).
3739
Let p(w) = -w**2 + 122869*w + 1228792. Determine p(-10).
2
Let m(y) = -52*y**2 - 20289*y - 3684. Give m(-390).
-174
Let l(v) = -4*v**2 - 557*v + 1554. What is l(-142)?
-8
Let q(m) = -m**3 - 36*m**2 + 1964*m - 110. Determine q(30).
-590
Let z(t) = -68*t**2 + 2224*t - 76. Calculate z(33).
-736
Let w(y) = -5*y**3 - 3*y**2 - 359*y + 724. Calculate w(2).
-46
Let a(v) = -v**3 + 18*v**2 + 291*v - 5309. Determine a(18).
-71
Let r(n) = 2914*n + 49449. Calculate r(-17).
-89
Let q(b) = 54350*b + 1086997. Give q(-20).
-3
Let g(k) = -2*k**2 - 303*k + 195508. Calculate g(246).
-62
Let z(q) = q**3 + 36*q**2 - 189*q - 6190. Calculate z(-37).
-566
Let s(d) = -6*d**3 - 23*d**2 + 58*d + 203. Determine s(6).
-1573
Let j(x) = 5107*x - 16431. Calculate j(3).
-1110
Let z(t) = -1426*t + 182521. Calculate z(128).
-7
Let r(m) = -6724*m - 16201. Determine r(-3).
3971
Let z(a) = a**3 + 128*a**2 - 352*a + 1321. What is z(-131)?
-4050
Let a(r) = 11*r**2 - 172*r + 2604. Calculate a(14).
2352
Let x(r) = 2*r**2 + 2246*r - 236568. What is x(97)?
112
Let d(j) = j**2 + 510*j + 36121. Give d(-85).
-4
Let y(v) = v**3 - 708*v**2 - 956*v + 175389. What is y(709)?
266
Let g(o) = -868*o + 39014. Give g(45).
-46
Let r(z) = 547*z - 14703. Give r(27).
66
Let k(d) = 6054*d - 198298. Give k(33).
1484
Let p(a) = -a**2 - 43451*a - 564701. Calculate p(-13).
-7
Let q(y) = -y**3 + 69*y**2 - 521*y - 172. What is q(62)?
-5566
Let c(f) = -19877*f + 79269. Calculate c(4).
-239
Let d(i) = i**3 + 168*i**2 + 1312*i + 81018. What is d(-163)?
7
Let c(p) = -3*p**3 - 7*p**2 - 80*p - 877. Give c(-8).
851
Let v(a) = a**3 - 122*a**2 + 702*a - 907. Determine v(116).
-211
Let f(r) = 80*r + 900. Give f(-15).
-300
Let k(a) = -5*a**2 - 357*a - 1321. Calculate k(-4).
27
Let h(j) = -j**3 + 236*j**2 - 558*j - 32850. Determine h(233).
3
Let b(h) = 5*h**2 + 1309*h - 53572. Determine b(36).
32
Let s(i) = -5383*i - 26763. Determine s(-5).
152
Let p(n) = -7*n**2 - 936*n + 46019. Give p(-172).
-77
Let b(i) = 215*i + 33279. Determine b(-154).
169
Let j(l) = 740*l + 12596. What is j(-17)?
16
Let w(c) = -8*c**3 - 10*c**2 - 806*c - 4067. Calculate w(-5).
713
Let p(k) = -11922*k + 215260. Give p(18).
664
Let g(b) = -31*b**3 - 294*b**2 - 586*b - 5. Calculate g(-2).
239
Let q(d) = 51*d**3 + 1212*d**2 - 283*d + 108. Give q(-24).
-12
Let c(l) = 4*l**2 - 407*l + 8628. Calculate c(69).
-411
Let v(t) = -17*t**2 - 1960*t - 8106. Determine v(-111).
-3
Let a(j) = 1104*j - 24394. Calculate a(21).
-1210
Let u(o) = -o**3 - 44*o**2 - 219*o + 99. Give u(-38).
-243
Let t(r) = -r**2 - 268*r + 6291. Give t(-293).
-1034
Let p(y) = 2*y**3 + 126*y**2 + 105*y - 1281. Calculate p(-62).
-103
Let y(k) = -k**3 + 2*k**2 + 684*k + 1999. Calculate y(-3).
-8
Let x(w) = 5*w**2 + 5787*w - 973273. What is x(149)?
-5
Let z(l) = -18*l**2 + 561*l + 6. Calculate z(32).
-474
Let d(y) = -3*y**3 - 6*y**2 - 43*y - 289. Calculate d(-7).
747
Let c(a) = 11*a + 19. Calculate c(57).
646
Let g(p) = -4*p**2 + 227*p + 412. What is g(54)?
1006
Let u(y) = 7*y**2 - 1225*y + 15629. Determine u(13).
887
Let b(g) = -4*g**3 + 322*g**2 + 5251*g - 584. What is b(-14)?
-10
Let m(b) = -20*b**3 - 441*b**2 - 18*b + 50. Give m(-22).
-38
Let s(a) = a**2 + 42*a + 408. Give s(-28).
16
Let v(w) = 62*w**2 + 528*w - 4795. What is v(-14)?
-35
Let s(r) = -r**3 + 50*r**2 - 587*r - 75. What is s(31)?
-13
Let c(q) = -3*q**3 - 647*q**2 + 204*q - 3550. Determine c(-216).
-958
Let m(q) = 228*q - 16582. Calculate m(68).
-1078
Let u(d) = d**2 - 2698*d - 65513. Give u(-24).
-185
Let x(i) = -17*i**3 + 1104*i**2 + 61*i + 264. Give x(65).
4
Let j(n) = 40*n**2 + 4957*n + 4555. Calculate j(-123).
4
Let n(d) = d**2 - 154*d + 133. What is n(0)?
133
Let x(o) = -o**3 - 989*o**2 - 233401*o - 599. What is x(-600)?
1
Let l(h) = -3*h**3 + 203*h**2 + 442*h - 25443. Determine l(68).
-11
Let x(c) = c**3 + 43*c**2 - 133*c - 5737. What is x(-43)?
-18
Let j(s) = 9*s**3 - 55*s**2 + 22*s - 114. Determine j(6).
-18
Let z(o) = 3325*o + 285936. Determine z(-86).
-14
Let k(q) = q**3 + 2*q**2 - 1402*q + 20. Give k(0).
20
Let m(p) = 399*p + 1120. Give m(-2).
322
Let b(y) = 4*y**2 + 1433*y - 631610. Give b(-615).
-5
Let i(j) = -7*j**3 - 287*j**2 + 123*j + 5318. Calculate i(-41).
275
Let t(g) = -g**2 + 3829*g - 155299. Give t(41).
9
Let d(s) = 18*s**3 + 70*s**2 + 114*s - 46. Give d(-2).
-138
Let q(l) = 392*l + 198357. What is q(-506)?
5
Let r(b) = 3*b**2 + 65*b - 3076. Determine r(26).
642
Let g(x) = -5487*x - 38468. Give g(-7).
-59
Let g(x) = 56*x - 2883. Calculate g(65).
757
Let g(d) = -3073*d - 25276. What is g(-9)?
2381
Let s(c) = -3*c**3 + 20*c**2 + 30*c - 181. Calculate s(-3).
-10
Let f(n) = -232*n - 3633. Give f(-15).
-153
Let d(u) = -u**2 - 494*u + 887. Determine d(0).
887
Let m(q) = -q**3 + 12*q**2 - 5505*q + 43791. Calculate m(8).
7
Let u(s) = 88*s**2 - 4*s + 1240. Determine u(0).
1240
Let q(b) = 363*b**2 + 49731*b - 14. What is q(-137)?
-14
Let o(d) = 15*d**3 + 1217*d**2 - 48*d - 17082. Determine o(-81).
-72
Let b(t) = 5837*t - 169270. What is b(29)?
3
Let o(r) = 37*r**3 + 842*r**2 - 266*r - 131. Determine o(-23).
1226
Let k(z) = z**3 - 22*z**2 - 977*z + 22258. Give k(24).
-38
Let x(q) = 180653*q + 722618. Calculate x(-4).
6
Let o(r) = -r**3 + 607*r**2 - 1361*r + 91364. Calculate o(605).
9
Let h(g) = -g**3 + 64*g**2 + 3331*g + 66. Determine h(98).
-32
Let o(r) = -r**3 + 205*r**2 + 1483*r - 37. Determine o(-7).
-30
Let r(b) = -2*b**3 + 34*b**2 + 119*b + 25. Determine r(19).
842
Let z(b) = 436*b + 2838. Determine z(-11).
-1958
Let l(q) = -705*q + 132441. Calculate l(188).
-99
Let t(c) = -24*c**3 - 82*c**2 - 157*c - 449. Calculate t(-3).
-68
Let u(z) = 7*z**2 + 293*z + 638. Calculate u(-40).
118
Let p(o) = -o**3 + 127*o**2 - 181*o + 6934. Give p(126).
4
Let s(x) = 111*x**3 - 31872*x**2 + 4304*x + 279. Calculate s(287).
-8
Let h(r) = 2774*r - 327215. Give h(118).
117
Let q(m) = 20*m**2 - 72*m - 11646. Calculate q(26).
2
Let d(x) = -1369293*x + 13692939. Calculate d(10).
9
Let s(x) = -x**3 + 50*x**2 - 221*x - 3440. Give s(43).
0
Let t(i) = 695*i + 34957. Give t(-50).
207
Let x(y) = -3724*y + 1701864. Determine x(457).
-4
Let g(n) = 3*n**2 - 299*n + 1929. Determine g(93).
69
Let x(a) = 118*a**2 + 959*a - 3824. Calculate x(4).
1900
Let c(y) = 6*y**2 - 153*y - 1256. Give c(32).
-8
Let i(r) = -4*r**3 + 68*r**2 - 227*r + 58. Calculate i(4).
-18
Let k(c) = 609*c + 17131. What is k(-28)?
79
Let d(m) = -3694*m - 203110. Calculate d(-55).
60
Let u(p) = -427*p**2 + 4921*p - 8131. Determine u(2).
3
Let i(g) = -360516*g - 4326192. What is i(-12)?
0
Let g(k) = 5*k**2 + 278*k - 2508. What is g(8)?
36
Let d(w) = w**3 - 42*w**2 - 681*w - 464. Determine d(-12).
-68
Let y(w) = -3*w**2 + 916*w - 24562. Determine y(29).
-521
Let x(i) = 61*i**2 - 335*i + 1031. Give x(3).
575
Let s(o) = 10097*o + 80605. What is s(-8)?
-171
Let l(g) = 402*g - 15741. Give l(39).
-63
Let o(c) = -4*c**3 + 32*c**2 + 33*c + 167. Determine o(10).
-303
Let s(r) = 20827*r + 1187154. What is s(-57)?
15
Let w(l) = -1440*l - 99364. Give w(-69).
-4
Let m(w) = 1162*w - 